{"id":449,"date":"2025-05-27T09:38:36","date_gmt":"2025-05-27T07:38:36","guid":{"rendered":"https:\/\/havava.sk\/?post_type=product&#038;p=449"},"modified":"2025-11-05T23:48:21","modified_gmt":"2025-11-05T22:48:21","slug":"poradenstvo-jednotlivec","status":"publish","type":"product","link":"https:\/\/havava.sk\/?product=poradenstvo-jednotlivec","title":{"rendered":"Poradenstvo &#8211; Individu\u00e1lne"},"content":{"rendered":"<h3 data-start=\"248\" data-end=\"304\">\ud83e\uddcd Individu\u00e1lne poradenstvo \u2013 50 min\u00fat<\/h3>\n<p data-start=\"306\" data-end=\"488\"><strong data-start=\"306\" data-end=\"319\">Pre koho:<\/strong><br data-start=\"319\" data-end=\"322\" \/>Pre jednotlivcov, ktor\u00ed rie\u0161ia osobn\u00e9, vz\u0165ahov\u00e9 alebo rodi\u010dovsk\u00e9 t\u00e9my, pre\u017e\u00edvaj\u00fa n\u00e1ro\u010dn\u00e9 obdobie, h\u013eadaj\u00fa podporu pri zvl\u00e1dan\u00ed em\u00f3ci\u00ed \u010di zmien alebo sa chc\u00fa rozv\u00edja\u0165.<\/p>\n<p data-start=\"490\" data-end=\"583\"><strong data-start=\"490\" data-end=\"502\">Trvanie:<\/strong> 50 min\u00fat<br data-start=\"511\" data-end=\"514\" \/><strong data-start=\"514\" data-end=\"523\">Cena:<\/strong> 50 \u20ac<br data-start=\"528\" data-end=\"531\" \/><strong data-start=\"531\" data-end=\"541\">Forma:<\/strong> Osobne v Bratislave alebo online (Google Meets, Whats app, alebo MS Teams)<\/p>\n","protected":false},"excerpt":{"rendered":"<p data-start=\"306\" data-end=\"488\"><strong data-start=\"306\" data-end=\"319\">Pre koho:<\/strong><br data-start=\"319\" data-end=\"322\" \/>Pre jednotlivcov, ktor\u00ed rie\u0161ia osobn\u00e9, vz\u0165ahov\u00e9 alebo rodi\u010dovsk\u00e9 t\u00e9my, pre\u017e\u00edvaj\u00fa n\u00e1ro\u010dn\u00e9 obdobie, h\u013eadaj\u00fa podporu pri zvl\u00e1dan\u00ed em\u00f3ci\u00ed \u010di zmien alebo sa chc\u00fa rozv\u00edja\u0165.<\/p>\n<p data-start=\"490\" data-end=\"583\"><strong data-start=\"490\" data-end=\"502\">Trvanie:<\/strong> 50 min\u00fat<br data-start=\"511\" data-end=\"514\" \/><strong data-start=\"514\" data-end=\"523\">Cena:<\/strong> 50 \u20ac<br data-start=\"528\" data-end=\"531\" \/><strong data-start=\"531\" data-end=\"541\">Forma:<\/strong> Osobne v Bratislave alebo online (Google Meets, Whats app, alebo MS Teams)<\/p>\n<hr data-start=\"1464\" data-end=\"1467\" \/>\n<h3 data-start=\"1469\" data-end=\"1501\">\ud83d\udcc5 Inform\u00e1cie k rezerv\u00e1ci\u00e1m:<\/h3>\n<ul data-start=\"1503\" data-end=\"1726\">\n<li data-start=\"1503\" data-end=\"1577\">\n<p data-start=\"1505\" data-end=\"1577\">Term\u00edn si vyberiete po objednan\u00ed \u2013 kontaktujem v\u00e1s e-mailom do 24 hod\u00edn.<\/p>\n<\/li>\n<li data-start=\"1578\" data-end=\"1649\">\n<p data-start=\"1580\" data-end=\"1649\">V pr\u00edpade zru\u0161enia najmenej 24 hod\u00edn vopred nebude \u00fa\u010dtovan\u00fd poplatok.<\/p>\n<\/li>\n<li data-start=\"1650\" data-end=\"1726\">\n<p data-start=\"1652\" data-end=\"1726\">V pr\u00edpade neskor\u00e9ho zru\u0161enia alebo ne\u00fa\u010dasti sa hrad\u00ed pln\u00e1 suma stretnutia.<\/p>\n<\/li>\n<\/ul>\n<p data-start=\"417\" data-end=\"591\"><strong data-start=\"417\" data-end=\"433\">Upozornenie:<\/strong> Psychologick\u00e9 poradenstvo a terapeutick\u00e1 pr\u00e1ca, ktor\u00fa poskytujem, <strong data-start=\"500\" data-end=\"532\">nie s\u00fa zdravotn\u00edckym v\u00fdkonom<\/strong> a nenahr\u00e1dzaj\u00fa psychiatrick\u00fa alebo klinick\u00fa starostlivos\u0165.<\/p>\n<p data-start=\"593\" data-end=\"868\">V procese poradenstva sa prirodzene m\u00f4\u017ee sta\u0165, \u017ee sa <strong data-start=\"646\" data-end=\"733\">na za\u010diatku objavia aj n\u00e1ro\u010dnej\u0161ie em\u00f3cie alebo do\u010dasn\u00e9 zhor\u0161enie psychickej pohody<\/strong>, k\u00fdm sa niektor\u00e9 z\u00e1\u017eitky spracuj\u00fa a uchopia. Je to be\u017en\u00e1 s\u00fa\u010das\u0165 zmeny a rastu. Budem v\u00e1s t\u00fdmto procesom sprev\u00e1dza\u0165 bezpe\u010dne a citlivo.<\/p>\n<p data-start=\"870\" data-end=\"946\">Ak m\u00e1te ak\u00e9ko\u013evek ot\u00e1zky alebo pochybnosti, pokojne ma kontaktujte e-mailom.<\/p>\n","protected":false},"featured_media":468,"comment_status":"open","ping_status":"closed","template":"","meta":{"_monsterinsights_skip_tracking":false,"_monsterinsights_sitenote_active":false,"_monsterinsights_sitenote_note":"","_monsterinsights_sitenote_category":0},"product_brand":[],"product_cat":[44],"product_tag":[],"class_list":{"0":"post-449","1":"product","2":"type-product","3":"status-publish","4":"has-post-thumbnail","6":"product_cat-poradenstvo","8":"first","9":"instock","10":"shipping-taxable","11":"purchasable","12":"product-type-simple"},"jetpack_sharing_enabled":true,"_links":{"self":[{"href":"https:\/\/havava.sk\/index.php?rest_route=\/wp\/v2\/product\/449","targetHints":{"allow":["GET"]}}],"collection":[{"href":"https:\/\/havava.sk\/index.php?rest_route=\/wp\/v2\/product"}],"about":[{"href":"https:\/\/havava.sk\/index.php?rest_route=\/wp\/v2\/types\/product"}],"replies":[{"embeddable":true,"href":"https:\/\/havava.sk\/index.php?rest_route=%2Fwp%2Fv2%2Fcomments&post=449"}],"wp:featuredmedia":[{"embeddable":true,"href":"https:\/\/havava.sk\/index.php?rest_route=\/wp\/v2\/media\/468"}],"wp:attachment":[{"href":"https:\/\/havava.sk\/index.php?rest_route=%2Fwp%2Fv2%2Fmedia&parent=449"}],"wp:term":[{"taxonomy":"product_brand","embeddable":true,"href":"https:\/\/havava.sk\/index.php?rest_route=%2Fwp%2Fv2%2Fproduct_brand&post=449"},{"taxonomy":"product_cat","embeddable":true,"href":"https:\/\/havava.sk\/index.php?rest_route=%2Fwp%2Fv2%2Fproduct_cat&post=449"},{"taxonomy":"product_tag","embeddable":true,"href":"https:\/\/havava.sk\/index.php?rest_route=%2Fwp%2Fv2%2Fproduct_tag&post=449"}],"curies":[{"name":"wp","href":"https:\/\/api.w.org\/{rel}","templated":true}]}}