{"id":355,"date":"2023-02-14T15:44:19","date_gmt":"2023-02-14T14:44:19","guid":{"rendered":"https:\/\/havava.sk\/?post_type=product&#038;p=355"},"modified":"2025-11-05T23:55:06","modified_gmt":"2025-11-05T22:55:06","slug":"sada-level-1-baby-aj","status":"publish","type":"product","link":"https:\/\/havava.sk\/?product=sada-level-1-baby-aj","title":{"rendered":"Sada level 1 Baby AJ"},"content":{"rendered":"<p>Sada materil\u00e1lov level 1 pre deti od 1 do 3 rokov.<\/p>\n<p>Sada obsahuje pogumovan\u00e9 kni\u017ek\u00fd (1-6) v anglikom jazyku, DVD a CD so \u0161iestimi pr\u00edbehmi, n\u00e1lepku, ply\u0161\u00e1ka Hocusa, tri\u010dko pre vek 1-2 roky alebo 3-4 roky (pre v\u00e4\u010d\u0161ie deti od cca. 2 rokov), ta\u0161ti\u010dku na odkladanie materi\u00e1lov, Dinobook na zapisovanie \u00faloh, ma\u013eovanku, pexeso, n\u00e1lepku na auto a bal\u00f3n Hocus&#038;Lotus.<br \/>\nKu ka\u017edej sade je k\u00f3d na prihl\u00e1senie sa do online Dinoclubu<\/p>\n","protected":false},"excerpt":{"rendered":"<p>Sad materil\u00e1lov level 1 pre deti od 1 do 3 rokov.<\/p>\n<p>Sada obsahuje pogumovan\u00e9 kni\u017ek\u00fd (1-6) v anglikom jazyku, DVD a CD so \u0161iestimi pr\u00edbehmi, n\u00e1lepku, ply\u0161\u00e1ka Hocusa, tri\u010dko pre vek 1-2 roky alebo 3-4 roky (pre v\u00e4\u010d\u0161ie deti od cca. 2 rokov), ta\u0161ti\u010dku na odkladanie materi\u00e1lov, Dinobook na zapisovanie \u00faloh, ma\u013eovanku, pexeso, n\u00e1lepku na auto a bal\u00f3n Hocus&amp;Lotus.<\/p>\n","protected":false},"featured_media":104,"comment_status":"open","ping_status":"closed","template":"","meta":{"_monsterinsights_skip_tracking":false,"_monsterinsights_sitenote_active":false,"_monsterinsights_sitenote_note":"","_monsterinsights_sitenote_category":0},"product_brand":[],"product_cat":[22,25],"product_tag":[23,40,37],"class_list":{"0":"post-355","1":"product","2":"type-product","3":"status-publish","4":"has-post-thumbnail","6":"product_cat-sety-materialov","7":"product_cat-materialy","8":"product_tag-aj","9":"product_tag-baby","10":"product_tag-lv1","12":"first","13":"instock","14":"shipping-taxable","15":"purchasable","16":"product-type-variable"},"jetpack_sharing_enabled":true,"_links":{"self":[{"href":"https:\/\/havava.sk\/index.php?rest_route=\/wp\/v2\/product\/355","targetHints":{"allow":["GET"]}}],"collection":[{"href":"https:\/\/havava.sk\/index.php?rest_route=\/wp\/v2\/product"}],"about":[{"href":"https:\/\/havava.sk\/index.php?rest_route=\/wp\/v2\/types\/product"}],"replies":[{"embeddable":true,"href":"https:\/\/havava.sk\/index.php?rest_route=%2Fwp%2Fv2%2Fcomments&post=355"}],"wp:featuredmedia":[{"embeddable":true,"href":"https:\/\/havava.sk\/index.php?rest_route=\/wp\/v2\/media\/104"}],"wp:attachment":[{"href":"https:\/\/havava.sk\/index.php?rest_route=%2Fwp%2Fv2%2Fmedia&parent=355"}],"wp:term":[{"taxonomy":"product_brand","embeddable":true,"href":"https:\/\/havava.sk\/index.php?rest_route=%2Fwp%2Fv2%2Fproduct_brand&post=355"},{"taxonomy":"product_cat","embeddable":true,"href":"https:\/\/havava.sk\/index.php?rest_route=%2Fwp%2Fv2%2Fproduct_cat&post=355"},{"taxonomy":"product_tag","embeddable":true,"href":"https:\/\/havava.sk\/index.php?rest_route=%2Fwp%2Fv2%2Fproduct_tag&post=355"}],"curies":[{"name":"wp","href":"https:\/\/api.w.org\/{rel}","templated":true}]}}