{"id":282,"date":"2023-02-14T13:32:41","date_gmt":"2023-02-14T12:32:41","guid":{"rendered":"https:\/\/havava.sk\/?post_type=product&#038;p=282"},"modified":"2023-02-14T13:32:41","modified_gmt":"2023-02-14T12:32:41","slug":"22-novy-pribehov-usb","status":"publish","type":"product","link":"https:\/\/havava.sk\/?product=22-novy-pribehov-usb","title":{"rendered":"22 nov\u00fd pr\u00edbehov USB"},"content":{"rendered":"<p>Videonahr\u00e1vky s 22 pr\u00edbehmi (30-52) na USB k\u013e\u00fa\u010di v tvare Hocusa. Ka\u017ed\u00fd pr\u00edbeh trv\u00e1 pribli\u017ene 5 min\u00fat. Pr\u00edbehy s\u00fa vhodn\u00e9 pre deti, ktor\u00e9 absolvovali vzdel\u00e1vanie met\u00f3dou narat\u00edvneho form\u00e1tu apso\u0148 tri roky a zvl\u00e1dli prv\u00fdch 18 pr\u00edbehov.<\/p>\n<p>&nbsp;<\/p>\n","protected":false},"excerpt":{"rendered":"<p>Videonahr\u00e1vky s 22 pr\u00edbehmi (30-52) na USB k\u013e\u00fa\u010di v tvare Hocusa. Ka\u017ed\u00fd pr\u00edbeh trv\u00e1 pribli\u017ene 5 min\u00fat. Pr\u00edbehy s\u00fa vhodn\u00e9 pre deti, ktor\u00e9 absolvovali vzdel\u00e1vanie met\u00f3dou narat\u00edvneho form\u00e1tu apso\u0148 tri roky a zvl\u00e1dli prv\u00fdch 18 pr\u00edbehov.<\/p>\n<p>Vekovo s\u00fa pr\u00edbehy vhodn\u00e9 od 6-7 rokov do 11-13 rokov. Pote\u0161ia a rozosmej\u00fa ale aj dospel\u00fdch a seniorov. Deti vo veku 13-17 rokov ich bud\u00fa pova\u017eova\u0165 za pr\u00edli\u0161 detinsk\u00e9 \ud83d\ude42<\/p>\n","protected":false},"featured_media":120,"comment_status":"open","ping_status":"closed","template":"","meta":{"_monsterinsights_skip_tracking":false,"_monsterinsights_sitenote_active":false,"_monsterinsights_sitenote_note":"","_monsterinsights_sitenote_category":0},"product_brand":[],"product_cat":[18],"product_tag":[],"class_list":{"0":"post-282","1":"product","2":"type-product","3":"status-publish","4":"has-post-thumbnail","6":"product_cat-doplnky","8":"first","9":"instock","10":"shipping-taxable","11":"purchasable","12":"product-type-simple"},"jetpack_sharing_enabled":true,"_links":{"self":[{"href":"https:\/\/havava.sk\/index.php?rest_route=\/wp\/v2\/product\/282","targetHints":{"allow":["GET"]}}],"collection":[{"href":"https:\/\/havava.sk\/index.php?rest_route=\/wp\/v2\/product"}],"about":[{"href":"https:\/\/havava.sk\/index.php?rest_route=\/wp\/v2\/types\/product"}],"replies":[{"embeddable":true,"href":"https:\/\/havava.sk\/index.php?rest_route=%2Fwp%2Fv2%2Fcomments&post=282"}],"wp:featuredmedia":[{"embeddable":true,"href":"https:\/\/havava.sk\/index.php?rest_route=\/wp\/v2\/media\/120"}],"wp:attachment":[{"href":"https:\/\/havava.sk\/index.php?rest_route=%2Fwp%2Fv2%2Fmedia&parent=282"}],"wp:term":[{"taxonomy":"product_brand","embeddable":true,"href":"https:\/\/havava.sk\/index.php?rest_route=%2Fwp%2Fv2%2Fproduct_brand&post=282"},{"taxonomy":"product_cat","embeddable":true,"href":"https:\/\/havava.sk\/index.php?rest_route=%2Fwp%2Fv2%2Fproduct_cat&post=282"},{"taxonomy":"product_tag","embeddable":true,"href":"https:\/\/havava.sk\/index.php?rest_route=%2Fwp%2Fv2%2Fproduct_tag&post=282"}],"curies":[{"name":"wp","href":"https:\/\/api.w.org\/{rel}","templated":true}]}}